{"id":24174,"date":"2022-08-01T19:27:21","date_gmt":"2022-08-01T17:27:22","guid":{"rendered":"https:\/\/www.mantasezcaray.com\/?post_type=product&#038;p=24174"},"modified":"2022-08-01T19:30:57","modified_gmt":"2022-08-01T17:30:57","slug":"ref-mi-54","status":"publish","type":"product","link":"https:\/\/www.mantasezcaray.com\/fr\/producto\/ref-mi-54\/","title":{"rendered":"Ref MI-54"},"content":{"rendered":"","protected":false},"excerpt":{"rendered":"<p>Couverture Mia dans les tons roses, rouges et violets. Il pr\u00e9sente un m\u00e9lange de franges de Mohair et de laine intercal\u00e9es les unes avec les autres.<\/p>\n<p>Fait \u00e0 la main \u00e0 Ezcaray.<\/p>\n","protected":false},"featured_media":22993,"template":"","meta":{"_acf_changed":false,"_editorskit_title_hidden":false,"_editorskit_reading_time":0,"_editorskit_is_block_options_detached":false,"_editorskit_block_options_position":"{}"},"product_brand":[],"product_cat":[190],"product_tag":[],"class_list":{"0":"post-24174","1":"product","2":"type-product","3":"status-publish","4":"has-post-thumbnail","6":"product_cat-couvertures","7":"g4co_collection-mia-fr","9":"first","10":"instock","11":"shipping-taxable","12":"product-type-simple"},"acf":[],"yoast_head":"<!-- This site is optimized with the Yoast SEO plugin v27.2 - https:\/\/yoast.com\/product\/yoast-seo-wordpress\/ -->\n<title>Ref MI-54 - Couvertures - M\u00eda - Mantas Ezcaray<\/title>\n<meta name=\"description\" content=\"Couverture Mia dans les tons roses, rouges et violets. Il pr\u00e9sente un m\u00e9lange de franges de Mohair et de laine intercal\u00e9es les unes avec les autres.  Fait \u00e0 la main \u00e0 Ezcaray.\" \/>\n<meta name=\"robots\" content=\"index, follow, max-snippet:-1, max-image-preview:large, max-video-preview:-1\" \/>\n<link rel=\"canonical\" href=\"https:\/\/www.mantasezcaray.com\/fr\/producto\/ref-mi-54\/\" \/>\n<meta property=\"og:locale\" content=\"fr_FR\" \/>\n<meta property=\"og:type\" content=\"article\" \/>\n<meta property=\"og:title\" content=\"Ref MI-54 - Couvertures - M\u00eda - Mantas Ezcaray\" \/>\n<meta property=\"og:description\" content=\"Couverture Mia dans les tons roses, rouges et violets. Il pr\u00e9sente un m\u00e9lange de franges de Mohair et de laine intercal\u00e9es les unes avec les autres.  Fait \u00e0 la main \u00e0 Ezcaray.\" \/>\n<meta property=\"og:url\" content=\"https:\/\/www.mantasezcaray.com\/fr\/producto\/ref-mi-54\/\" \/>\n<meta property=\"og:site_name\" content=\"Mantas Ezcaray\" \/>\n<meta property=\"article:publisher\" content=\"http:\/\/www.facebook.com\/pages\/Mantas-Ezcaray\/279923425355139\" \/>\n<meta property=\"article:modified_time\" content=\"2022-08-01T17:30:57+00:00\" \/>\n<meta property=\"og:image\" content=\"https:\/\/www.mantasezcaray.com\/wp-content\/uploads\/2022\/03\/mi-54.jpg\" \/>\n\t<meta property=\"og:image:width\" content=\"2560\" \/>\n\t<meta property=\"og:image:height\" content=\"1706\" \/>\n\t<meta property=\"og:image:type\" content=\"image\/jpeg\" \/>\n<meta name=\"twitter:card\" content=\"summary_large_image\" \/>\n<meta name=\"twitter:site\" content=\"@mantasezcaray\" \/>\n<script type=\"application\/ld+json\" class=\"yoast-schema-graph\">{\"@context\":\"https:\/\/schema.org\",\"@graph\":[{\"@type\":\"WebPage\",\"@id\":\"https:\/\/www.mantasezcaray.com\/fr\/producto\/ref-mi-54\/\",\"url\":\"https:\/\/www.mantasezcaray.com\/fr\/producto\/ref-mi-54\/\",\"name\":\"Ref MI-54 - Couvertures - M\u00eda - Mantas Ezcaray\",\"isPartOf\":{\"@id\":\"https:\/\/www.mantasezcaray.com\/fr\/#website\"},\"primaryImageOfPage\":{\"@id\":\"https:\/\/www.mantasezcaray.com\/fr\/producto\/ref-mi-54\/#primaryimage\"},\"image\":{\"@id\":\"https:\/\/www.mantasezcaray.com\/fr\/producto\/ref-mi-54\/#primaryimage\"},\"thumbnailUrl\":\"https:\/\/www.mantasezcaray.com\/wp-content\/uploads\/2022\/03\/mi-54.jpg\",\"datePublished\":\"2022-08-01T17:27:22+00:00\",\"dateModified\":\"2022-08-01T17:30:57+00:00\",\"description\":\"Couverture Mia dans les tons roses, rouges et violets. Il pr\u00e9sente un m\u00e9lange de franges de Mohair et de laine intercal\u00e9es les unes avec les autres. Fait \u00e0 la main \u00e0 Ezcaray.\",\"breadcrumb\":{\"@id\":\"https:\/\/www.mantasezcaray.com\/fr\/producto\/ref-mi-54\/#breadcrumb\"},\"inLanguage\":\"fr-FR\",\"potentialAction\":[{\"@type\":\"ReadAction\",\"target\":[\"https:\/\/www.mantasezcaray.com\/fr\/producto\/ref-mi-54\/\"]}]},{\"@type\":\"ImageObject\",\"inLanguage\":\"fr-FR\",\"@id\":\"https:\/\/www.mantasezcaray.com\/fr\/producto\/ref-mi-54\/#primaryimage\",\"url\":\"https:\/\/www.mantasezcaray.com\/wp-content\/uploads\/2022\/03\/mi-54.jpg\",\"contentUrl\":\"https:\/\/www.mantasezcaray.com\/wp-content\/uploads\/2022\/03\/mi-54.jpg\",\"width\":2560,\"height\":1706,\"caption\":\"17\/1\/22 MI-54 Roja, Manta M\u00eda, Mantas Ezcaray, Ezcaray (La Rioja), Spain. Photo by James Sturcke | sturcke.org\"},{\"@type\":\"BreadcrumbList\",\"@id\":\"https:\/\/www.mantasezcaray.com\/fr\/producto\/ref-mi-54\/#breadcrumb\",\"itemListElement\":[{\"@type\":\"ListItem\",\"position\":1,\"name\":\"Inicio\",\"item\":\"https:\/\/www.mantasezcaray.com\/fr\/\"},{\"@type\":\"ListItem\",\"position\":2,\"name\":\"Produits\",\"item\":\"https:\/\/www.mantasezcaray.com\/fr\/produits\/\"},{\"@type\":\"ListItem\",\"position\":3,\"name\":\"Couvertures\",\"item\":\"https:\/\/www.mantasezcaray.com\/fr\/categorie-produits\/couvertures\/\"},{\"@type\":\"ListItem\",\"position\":4,\"name\":\"Ref MI-54\"}]},{\"@type\":\"WebSite\",\"@id\":\"https:\/\/www.mantasezcaray.com\/fr\/#website\",\"url\":\"https:\/\/www.mantasezcaray.com\/fr\/\",\"name\":\"Mantas Ezcaray\",\"description\":\"Desde 1930 tejiendo el mejor mohair\",\"publisher\":{\"@id\":\"https:\/\/www.mantasezcaray.com\/fr\/#organization\"},\"potentialAction\":[{\"@type\":\"SearchAction\",\"target\":{\"@type\":\"EntryPoint\",\"urlTemplate\":\"https:\/\/www.mantasezcaray.com\/fr\/?s={search_term_string}\"},\"query-input\":{\"@type\":\"PropertyValueSpecification\",\"valueRequired\":true,\"valueName\":\"search_term_string\"}}],\"inLanguage\":\"fr-FR\"},{\"@type\":\"Organization\",\"@id\":\"https:\/\/www.mantasezcaray.com\/fr\/#organization\",\"name\":\"Mantas Ezcaray\",\"url\":\"https:\/\/www.mantasezcaray.com\/fr\/\",\"logo\":{\"@type\":\"ImageObject\",\"inLanguage\":\"fr-FR\",\"@id\":\"https:\/\/www.mantasezcaray.com\/fr\/#\/schema\/logo\/image\/\",\"url\":\"https:\/\/www.mantasezcaray.com\/wp-content\/uploads\/2020\/05\/logo-mantasezcaray-negro-600x400-1.png\",\"contentUrl\":\"https:\/\/www.mantasezcaray.com\/wp-content\/uploads\/2020\/05\/logo-mantasezcaray-negro-600x400-1.png\",\"width\":600,\"height\":400,\"caption\":\"Mantas Ezcaray\"},\"image\":{\"@id\":\"https:\/\/www.mantasezcaray.com\/fr\/#\/schema\/logo\/image\/\"},\"sameAs\":[\"http:\/\/www.facebook.com\/pages\/Mantas-Ezcaray\/279923425355139\",\"https:\/\/x.com\/mantasezcaray\",\"https:\/\/www.instagram.com\/mantasezcaray\/\",\"https:\/\/www.youtube.com\/channel\/UCCYt_HCWxLvImAGnaItH2qQ\"]}]}<\/script>\n<!-- \/ Yoast SEO plugin. -->","yoast_head_json":{"title":"Ref MI-54 - Couvertures - M\u00eda - Mantas Ezcaray","description":"Couverture Mia dans les tons roses, rouges et violets. Il pr\u00e9sente un m\u00e9lange de franges de Mohair et de laine intercal\u00e9es les unes avec les autres.  Fait \u00e0 la main \u00e0 Ezcaray.","robots":{"index":"index","follow":"follow","max-snippet":"max-snippet:-1","max-image-preview":"max-image-preview:large","max-video-preview":"max-video-preview:-1"},"canonical":"https:\/\/www.mantasezcaray.com\/fr\/producto\/ref-mi-54\/","og_locale":"fr_FR","og_type":"article","og_title":"Ref MI-54 - Couvertures - M\u00eda - Mantas Ezcaray","og_description":"Couverture Mia dans les tons roses, rouges et violets. Il pr\u00e9sente un m\u00e9lange de franges de Mohair et de laine intercal\u00e9es les unes avec les autres.  Fait \u00e0 la main \u00e0 Ezcaray.","og_url":"https:\/\/www.mantasezcaray.com\/fr\/producto\/ref-mi-54\/","og_site_name":"Mantas Ezcaray","article_publisher":"http:\/\/www.facebook.com\/pages\/Mantas-Ezcaray\/279923425355139","article_modified_time":"2022-08-01T17:30:57+00:00","og_image":[{"width":2560,"height":1706,"url":"https:\/\/www.mantasezcaray.com\/wp-content\/uploads\/2022\/03\/mi-54.jpg","type":"image\/jpeg"}],"twitter_card":"summary_large_image","twitter_site":"@mantasezcaray","schema":{"@context":"https:\/\/schema.org","@graph":[{"@type":"WebPage","@id":"https:\/\/www.mantasezcaray.com\/fr\/producto\/ref-mi-54\/","url":"https:\/\/www.mantasezcaray.com\/fr\/producto\/ref-mi-54\/","name":"Ref MI-54 - Couvertures - M\u00eda - Mantas Ezcaray","isPartOf":{"@id":"https:\/\/www.mantasezcaray.com\/fr\/#website"},"primaryImageOfPage":{"@id":"https:\/\/www.mantasezcaray.com\/fr\/producto\/ref-mi-54\/#primaryimage"},"image":{"@id":"https:\/\/www.mantasezcaray.com\/fr\/producto\/ref-mi-54\/#primaryimage"},"thumbnailUrl":"https:\/\/www.mantasezcaray.com\/wp-content\/uploads\/2022\/03\/mi-54.jpg","datePublished":"2022-08-01T17:27:22+00:00","dateModified":"2022-08-01T17:30:57+00:00","description":"Couverture Mia dans les tons roses, rouges et violets. Il pr\u00e9sente un m\u00e9lange de franges de Mohair et de laine intercal\u00e9es les unes avec les autres. Fait \u00e0 la main \u00e0 Ezcaray.","breadcrumb":{"@id":"https:\/\/www.mantasezcaray.com\/fr\/producto\/ref-mi-54\/#breadcrumb"},"inLanguage":"fr-FR","potentialAction":[{"@type":"ReadAction","target":["https:\/\/www.mantasezcaray.com\/fr\/producto\/ref-mi-54\/"]}]},{"@type":"ImageObject","inLanguage":"fr-FR","@id":"https:\/\/www.mantasezcaray.com\/fr\/producto\/ref-mi-54\/#primaryimage","url":"https:\/\/www.mantasezcaray.com\/wp-content\/uploads\/2022\/03\/mi-54.jpg","contentUrl":"https:\/\/www.mantasezcaray.com\/wp-content\/uploads\/2022\/03\/mi-54.jpg","width":2560,"height":1706,"caption":"17\/1\/22 MI-54 Roja, Manta M\u00eda, Mantas Ezcaray, Ezcaray (La Rioja), Spain. Photo by James Sturcke | sturcke.org"},{"@type":"BreadcrumbList","@id":"https:\/\/www.mantasezcaray.com\/fr\/producto\/ref-mi-54\/#breadcrumb","itemListElement":[{"@type":"ListItem","position":1,"name":"Inicio","item":"https:\/\/www.mantasezcaray.com\/fr\/"},{"@type":"ListItem","position":2,"name":"Produits","item":"https:\/\/www.mantasezcaray.com\/fr\/produits\/"},{"@type":"ListItem","position":3,"name":"Couvertures","item":"https:\/\/www.mantasezcaray.com\/fr\/categorie-produits\/couvertures\/"},{"@type":"ListItem","position":4,"name":"Ref MI-54"}]},{"@type":"WebSite","@id":"https:\/\/www.mantasezcaray.com\/fr\/#website","url":"https:\/\/www.mantasezcaray.com\/fr\/","name":"Mantas Ezcaray","description":"Desde 1930 tejiendo el mejor mohair","publisher":{"@id":"https:\/\/www.mantasezcaray.com\/fr\/#organization"},"potentialAction":[{"@type":"SearchAction","target":{"@type":"EntryPoint","urlTemplate":"https:\/\/www.mantasezcaray.com\/fr\/?s={search_term_string}"},"query-input":{"@type":"PropertyValueSpecification","valueRequired":true,"valueName":"search_term_string"}}],"inLanguage":"fr-FR"},{"@type":"Organization","@id":"https:\/\/www.mantasezcaray.com\/fr\/#organization","name":"Mantas Ezcaray","url":"https:\/\/www.mantasezcaray.com\/fr\/","logo":{"@type":"ImageObject","inLanguage":"fr-FR","@id":"https:\/\/www.mantasezcaray.com\/fr\/#\/schema\/logo\/image\/","url":"https:\/\/www.mantasezcaray.com\/wp-content\/uploads\/2020\/05\/logo-mantasezcaray-negro-600x400-1.png","contentUrl":"https:\/\/www.mantasezcaray.com\/wp-content\/uploads\/2020\/05\/logo-mantasezcaray-negro-600x400-1.png","width":600,"height":400,"caption":"Mantas Ezcaray"},"image":{"@id":"https:\/\/www.mantasezcaray.com\/fr\/#\/schema\/logo\/image\/"},"sameAs":["http:\/\/www.facebook.com\/pages\/Mantas-Ezcaray\/279923425355139","https:\/\/x.com\/mantasezcaray","https:\/\/www.instagram.com\/mantasezcaray\/","https:\/\/www.youtube.com\/channel\/UCCYt_HCWxLvImAGnaItH2qQ"]}]}},"_links":{"self":[{"href":"https:\/\/www.mantasezcaray.com\/fr\/wp-json\/wp\/v2\/product\/24174","targetHints":{"allow":["GET"]}}],"collection":[{"href":"https:\/\/www.mantasezcaray.com\/fr\/wp-json\/wp\/v2\/product"}],"about":[{"href":"https:\/\/www.mantasezcaray.com\/fr\/wp-json\/wp\/v2\/types\/product"}],"wp:featuredmedia":[{"embeddable":true,"href":"https:\/\/www.mantasezcaray.com\/fr\/wp-json\/wp\/v2\/media\/22993"}],"wp:attachment":[{"href":"https:\/\/www.mantasezcaray.com\/fr\/wp-json\/wp\/v2\/media?parent=24174"}],"wp:term":[{"taxonomy":"product_brand","embeddable":true,"href":"https:\/\/www.mantasezcaray.com\/fr\/wp-json\/wp\/v2\/product_brand?post=24174"},{"taxonomy":"product_cat","embeddable":true,"href":"https:\/\/www.mantasezcaray.com\/fr\/wp-json\/wp\/v2\/product_cat?post=24174"},{"taxonomy":"product_tag","embeddable":true,"href":"https:\/\/www.mantasezcaray.com\/fr\/wp-json\/wp\/v2\/product_tag?post=24174"}],"curies":[{"name":"wp","href":"https:\/\/api.w.org\/{rel}","templated":true}]}}

<p>Couverture Mia dans les tons roses, rouges et violets. Il présente un mélange de franges de Mohair et de laine intercalées les unes avec les autres.</p>
<p>Fait à la main à Ezcaray.</p>

<!-- This site is optimized with the Yoast SEO plugin v27.2 - https://yoast.com/product/yoast-seo-wordpress/ -->
<title>Ref MI-54 - Couvertures - Mía - Mantas Ezcaray</title>
<meta name="description" content="Couverture Mia dans les tons roses, rouges et violets. Il présente un mélange de franges de Mohair et de laine intercalées les unes avec les autres.  Fait à la main à Ezcaray." />
<meta name="robots" content="index, follow, max-snippet:-1, max-image-preview:large, max-video-preview:-1" />
<link rel="canonical" href="https://www.mantasezcaray.com/fr/producto/ref-mi-54/" />
<meta property="og:locale" content="fr_FR" />
<meta property="og:type" content="article" />
<meta property="og:title" content="Ref MI-54 - Couvertures - Mía - Mantas Ezcaray" />
<meta property="og:description" content="Couverture Mia dans les tons roses, rouges et violets. Il présente un mélange de franges de Mohair et de laine intercalées les unes avec les autres.  Fait à la main à Ezcaray." />
<meta property="og:url" content="https://www.mantasezcaray.com/fr/producto/ref-mi-54/" />
<meta property="og:site_name" content="Mantas Ezcaray" />
<meta property="article:publisher" content="http://www.facebook.com/pages/Mantas-Ezcaray/279923425355139" />
<meta property="article:modified_time" content="2022-08-01T17:30:57+00:00" />
<meta property="og:image" content="https://www.mantasezcaray.com/wp-content/uploads/2022/03/mi-54.jpg" />
	<meta property="og:image:width" content="2560" />
	<meta property="og:image:height" content="1706" />
	<meta property="og:image:type" content="image/jpeg" />
<meta name="twitter:card" content="summary_large_image" />
<meta name="twitter:site" content="@mantasezcaray" />
<script type="application/ld+json" class="yoast-schema-graph">{"@context":"https://schema.org","@graph":[{"@type":"WebPage","@id":"https://www.mantasezcaray.com/fr/producto/ref-mi-54/","url":"https://www.mantasezcaray.com/fr/producto/ref-mi-54/","name":"Ref MI-54 - Couvertures - Mía - Mantas Ezcaray","isPartOf":{"@id":"https://www.mantasezcaray.com/fr/#website"},"primaryImageOfPage":{"@id":"https://www.mantasezcaray.com/fr/producto/ref-mi-54/#primaryimage"},"image":{"@id":"https://www.mantasezcaray.com/fr/producto/ref-mi-54/#primaryimage"},"thumbnailUrl":"https://www.mantasezcaray.com/wp-content/uploads/2022/03/mi-54.jpg","datePublished":"2022-08-01T17:27:22+00:00","dateModified":"2022-08-01T17:30:57+00:00","description":"Couverture Mia dans les tons roses, rouges et violets. Il présente un mélange de franges de Mohair et de laine intercalées les unes avec les autres. Fait à la main à Ezcaray.","breadcrumb":{"@id":"https://www.mantasezcaray.com/fr/producto/ref-mi-54/#breadcrumb"},"inLanguage":"fr-FR","potentialAction":[{"@type":"ReadAction","target":["https://www.mantasezcaray.com/fr/producto/ref-mi-54/"]}]},{"@type":"ImageObject","inLanguage":"fr-FR","@id":"https://www.mantasezcaray.com/fr/producto/ref-mi-54/#primaryimage","url":"https://www.mantasezcaray.com/wp-content/uploads/2022/03/mi-54.jpg","contentUrl":"https://www.mantasezcaray.com/wp-content/uploads/2022/03/mi-54.jpg","width":2560,"height":1706,"caption":"17/1/22 MI-54 Roja, Manta Mía, Mantas Ezcaray, Ezcaray (La Rioja), Spain. Photo by James Sturcke | sturcke.org"},{"@type":"BreadcrumbList","@id":"https://www.mantasezcaray.com/fr/producto/ref-mi-54/#breadcrumb","itemListElement":[{"@type":"ListItem","position":1,"name":"Inicio","item":"https://www.mantasezcaray.com/fr/"},{"@type":"ListItem","position":2,"name":"Produits","item":"https://www.mantasezcaray.com/fr/produits/"},{"@type":"ListItem","position":3,"name":"Couvertures","item":"https://www.mantasezcaray.com/fr/categorie-produits/couvertures/"},{"@type":"ListItem","position":4,"name":"Ref MI-54"}]},{"@type":"WebSite","@id":"https://www.mantasezcaray.com/fr/#website","url":"https://www.mantasezcaray.com/fr/","name":"Mantas Ezcaray","description":"Desde 1930 tejiendo el mejor mohair","publisher":{"@id":"https://www.mantasezcaray.com/fr/#organization"},"potentialAction":[{"@type":"SearchAction","target":{"@type":"EntryPoint","urlTemplate":"https://www.mantasezcaray.com/fr/?s={search_term_string}"},"query-input":{"@type":"PropertyValueSpecification","valueRequired":true,"valueName":"search_term_string"}}],"inLanguage":"fr-FR"},{"@type":"Organization","@id":"https://www.mantasezcaray.com/fr/#organization","name":"Mantas Ezcaray","url":"https://www.mantasezcaray.com/fr/","logo":{"@type":"ImageObject","inLanguage":"fr-FR","@id":"https://www.mantasezcaray.com/fr/#/schema/logo/image/","url":"https://www.mantasezcaray.com/wp-content/uploads/2020/05/logo-mantasezcaray-negro-600x400-1.png","contentUrl":"https://www.mantasezcaray.com/wp-content/uploads/2020/05/logo-mantasezcaray-negro-600x400-1.png","width":600,"height":400,"caption":"Mantas Ezcaray"},"image":{"@id":"https://www.mantasezcaray.com/fr/#/schema/logo/image/"},"sameAs":["http://www.facebook.com/pages/Mantas-Ezcaray/279923425355139","https://x.com/mantasezcaray","https://www.instagram.com/mantasezcaray/","https://www.youtube.com/channel/UCCYt_HCWxLvImAGnaItH2qQ"]}]}</script>
<!-- / Yoast SEO plugin. -->

Ref MI-54 - Couvertures - Mía - Mantas Ezcaray

Couverture Mia dans les tons roses, rouges et violets. Il présente un mélange de franges de Mohair et de laine intercalées les unes avec les autres.  Fait à la main à Ezcaray.

Couverture Mia dans les tons roses, rouges et violets. Il présente un mélange de franges de Mohair et de laine intercalées les unes avec les autres. Fait à la main à Ezcaray.

17/1/22 MI-54 Roja, Manta Mía, Mantas Ezcaray, Ezcaray (La Rioja), Spain. Photo by James Sturcke | sturcke.org
